{"id":45942,"date":"2025-06-03T21:21:20","date_gmt":"2025-06-04T02:21:20","guid":{"rendered":"https:\/\/www.abaxfem.com\/?page_id=45942"},"modified":"2025-06-03T21:35:18","modified_gmt":"2025-06-04T02:35:18","slug":"diseno-de-recipientes-a-presion","status":"publish","type":"page","link":"https:\/\/www.abaxfem.com\/index.php\/diseno-de-recipientes-a-presion\/","title":{"rendered":"Dise\u00f1o de recipientes a presi\u00f3n"},"content":{"rendered":"\t\t<div data-elementor-type=\"wp-page\" data-elementor-id=\"45942\" class=\"elementor elementor-45942\" data-elementor-post-type=\"page\">\n\t\t\t\t\t\t<section class=\"elementor-section elementor-top-section elementor-element elementor-element-3ae5456 elementor-section-stretched elementor-section-boxed elementor-section-height-default elementor-section-height-default\" data-id=\"3ae5456\" data-element_type=\"section\" data-e-type=\"section\" data-settings=\"{&quot;stretch_section&quot;:&quot;section-stretched&quot;,&quot;background_background&quot;:&quot;classic&quot;}\">\n\t\t\t\t\t\t<div class=\"elementor-container elementor-column-gap-extended\">\n\t\t\t\t\t<div class=\"elementor-column elementor-col-100 elementor-top-column elementor-element elementor-element-78571ef\" data-id=\"78571ef\" data-element_type=\"column\" data-e-type=\"column\">\n\t\t\t<div class=\"elementor-widget-wrap elementor-element-populated\">\n\t\t\t\t\t\t<div class=\"elementor-element elementor-element-8415ad8 elementor-widget elementor-widget-heading\" data-id=\"8415ad8\" data-element_type=\"widget\" data-e-type=\"widget\" data-widget_type=\"heading.default\">\n\t\t\t\t<div class=\"elementor-widget-container\">\n\t\t\t\t\t<h2 class=\"elementor-heading-title elementor-size-default\">Servicios<\/h2>\t\t\t\t<\/div>\n\t\t\t\t<\/div>\n\t\t\t\t<div class=\"elementor-element elementor-element-0f26dd5 elementor-widget elementor-widget-text-editor\" data-id=\"0f26dd5\" data-element_type=\"widget\" data-e-type=\"widget\" data-widget_type=\"text-editor.default\">\n\t\t\t\t<div class=\"elementor-widget-container\">\n\t\t\t\t\t\t\t\t\t<a href=\"https:\/\/www.abaxfem.com\/\"><img decoding=\"async\" class=\"alignnone wp-image-45198\" src=\"https:\/\/www.abaxfem.com\/wp-content\/uploads\/2025\/05\/home.png\" alt=\"\" width=\"18\" height=\"18\" \/><\/a>\u00a0 I\u00a0 <a style=\"color: #fff;\" href=\"https:\/\/www.abaxfem.com\/index.php\/nosotros\/\">Servicios<\/a> I <a style=\"color: #fff;\" href=\"https:\/\/www.abaxfem.com\/index.php\/portfolios\/ingenieria-de-procesos\/\">Ingenier\u00eda de Procesos<\/a> I <a style=\"color: #fff;\" href=\"https:\/\/www.abaxfem.com\/index.php\/diseno-de-recipientes-a-presion\/\">Dise\u00f1o de recipientes a presi\u00f3n<\/a>\t\t\t\t\t\t\t\t<\/div>\n\t\t\t\t<\/div>\n\t\t\t\t\t<\/div>\n\t\t<\/div>\n\t\t\t\t\t<\/div>\n\t\t<\/section>\n\t\t<div class=\"elementor-element elementor-element-e94b101 e-flex e-con-boxed e-con e-parent\" data-id=\"e94b101\" data-element_type=\"container\" data-e-type=\"container\">\n\t\t\t\t\t<div class=\"e-con-inner\">\n\t\t\t\t<div class=\"elementor-element elementor-element-99b65b8 elementor-widget elementor-widget-heading\" data-id=\"99b65b8\" data-element_type=\"widget\" data-e-type=\"widget\" data-widget_type=\"heading.default\">\n\t\t\t\t<div class=\"elementor-widget-container\">\n\t\t\t\t\t<h1 class=\"elementor-heading-title elementor-size-default\">Dise\u00f1o de recipientes a presi\u00f3n<\/h1>\t\t\t\t<\/div>\n\t\t\t\t<\/div>\n\t\t\t\t<div class=\"elementor-element elementor-element-6f88fa3 elementor-widget-divider--view-line elementor-widget elementor-widget-divider\" data-id=\"6f88fa3\" data-element_type=\"widget\" data-e-type=\"widget\" data-widget_type=\"divider.default\">\n\t\t\t\t<div class=\"elementor-widget-container\">\n\t\t\t\t\t\t\t<div class=\"elementor-divider\">\n\t\t\t<span class=\"elementor-divider-separator\">\n\t\t\t\t\t\t<\/span>\n\t\t<\/div>\n\t\t\t\t\t\t<\/div>\n\t\t\t\t<\/div>\n\t\t\t\t<div class=\"elementor-element elementor-element-0925f9f elementor-widget elementor-widget-spacer\" data-id=\"0925f9f\" data-element_type=\"widget\" data-e-type=\"widget\" data-widget_type=\"spacer.default\">\n\t\t\t\t<div class=\"elementor-widget-container\">\n\t\t\t\t\t\t\t<div class=\"elementor-spacer\">\n\t\t\t<div class=\"elementor-spacer-inner\"><\/div>\n\t\t<\/div>\n\t\t\t\t\t\t<\/div>\n\t\t\t\t<\/div>\n\t\t\t\t\t<\/div>\n\t\t\t\t<\/div>\n\t\t<div class=\"elementor-element elementor-element-7609feb e-flex e-con-boxed e-con e-parent\" data-id=\"7609feb\" data-element_type=\"container\" data-e-type=\"container\">\n\t\t\t\t\t<div class=\"e-con-inner\">\n\t\t\t\t<div class=\"elementor-element elementor-element-722f9e2 elementor-widget elementor-widget-text-editor\" data-id=\"722f9e2\" data-element_type=\"widget\" data-e-type=\"widget\" data-widget_type=\"text-editor.default\">\n\t\t\t\t<div class=\"elementor-widget-container\">\n\t\t\t\t\t\t\t\t\t<p>Abaxfem realiza dise\u00f1os de recipientes a presi\u00f3n de acuerdo con el C\u00f3digo de Calderas y Recipientes a Presi\u00f3n ASME, Secci\u00f3n VIII, Divisi\u00f3n 2, utilizando herramientas avanzadas de An\u00e1lisis de Elementos Finitos (FEA), evaluamos la distribuci\u00f3n del esfuerzo, el colapso pl\u00e1stico, la fatiga y el pandeo para optimizar la geometr\u00eda, la selecci\u00f3n del material y el espesor cumpliendo con los requisitos del c\u00f3digo.<\/p>\t\t\t\t\t\t\t\t<\/div>\n\t\t\t\t<\/div>\n\t\t\t\t\t<\/div>\n\t\t\t\t<\/div>\n\t\t<div class=\"elementor-element elementor-element-40bc8e4 e-flex e-con-boxed e-con e-parent\" data-id=\"40bc8e4\" data-element_type=\"container\" data-e-type=\"container\" data-settings=\"{&quot;background_background&quot;:&quot;classic&quot;}\">\n\t\t\t\t\t<div class=\"e-con-inner\">\n\t\t<div class=\"elementor-element elementor-element-6fbab04 e-con-full e-flex e-con e-child\" data-id=\"6fbab04\" data-element_type=\"container\" data-e-type=\"container\">\n\t\t\t\t<\/div>\n\t\t<div class=\"elementor-element elementor-element-1fd77e6 e-con-full e-flex e-con e-child\" data-id=\"1fd77e6\" data-element_type=\"container\" data-e-type=\"container\">\n\t\t\t\t<div class=\"elementor-element elementor-element-dd5e39c elementor-widget elementor-widget-image\" data-id=\"dd5e39c\" data-element_type=\"widget\" data-e-type=\"widget\" data-widget_type=\"image.default\">\n\t\t\t\t<div class=\"elementor-widget-container\">\n\t\t\t\t\t\t\t\t\t\t\t\t\t\t\t<img fetchpriority=\"high\" decoding=\"async\" width=\"640\" height=\"419\" src=\"https:\/\/www.abaxfem.com\/wp-content\/uploads\/2025\/06\/Pressure-Vessel.jpg\" class=\"attachment-large size-large wp-image-45950\" alt=\"\" srcset=\"https:\/\/www.abaxfem.com\/wp-content\/uploads\/2025\/06\/Pressure-Vessel.jpg 953w, https:\/\/www.abaxfem.com\/wp-content\/uploads\/2025\/06\/Pressure-Vessel-300x196.jpg 300w, https:\/\/www.abaxfem.com\/wp-content\/uploads\/2025\/06\/Pressure-Vessel-768x503.jpg 768w, https:\/\/www.abaxfem.com\/wp-content\/uploads\/2025\/06\/Pressure-Vessel-600x393.jpg 600w\" sizes=\"(max-width: 640px) 100vw, 640px\" \/>\t\t\t\t\t\t\t\t\t\t\t\t\t\t\t<\/div>\n\t\t\t\t<\/div>\n\t\t\t\t<\/div>\n\t\t<div class=\"elementor-element elementor-element-11bc89e e-con-full e-flex e-con e-child\" data-id=\"11bc89e\" data-element_type=\"container\" data-e-type=\"container\">\n\t\t\t\t<\/div>\n\t\t\t\t\t<\/div>\n\t\t\t\t<\/div>\n\t\t\t\t<section class=\"elementor-section elementor-top-section elementor-element elementor-element-235b04cd elementor-section-stretched elementor-section-full_width elementor-section-content-top elementor-section-height-default elementor-section-height-default\" data-id=\"235b04cd\" data-element_type=\"section\" data-e-type=\"section\" data-settings=\"{&quot;stretch_section&quot;:&quot;section-stretched&quot;,&quot;background_background&quot;:&quot;classic&quot;}\">\n\t\t\t\t\t\t<div class=\"elementor-container elementor-column-gap-default\">\n\t\t\t\t\t<div class=\"elementor-column elementor-col-100 elementor-top-column elementor-element elementor-element-7cce9d5f\" data-id=\"7cce9d5f\" data-element_type=\"column\" data-e-type=\"column\" data-settings=\"{&quot;background_background&quot;:&quot;classic&quot;}\">\n\t\t\t<div class=\"elementor-widget-wrap elementor-element-populated\">\n\t\t\t\t\t<div class=\"elementor-background-overlay\"><\/div>\n\t\t\t\t\t\t<section class=\"elementor-section elementor-inner-section elementor-element elementor-element-53b1e2c8 elementor-section-boxed elementor-section-height-default elementor-section-height-default\" data-id=\"53b1e2c8\" data-element_type=\"section\" data-e-type=\"section\">\n\t\t\t\t\t\t\t<div class=\"elementor-background-overlay\"><\/div>\n\t\t\t\t\t\t\t<div class=\"elementor-container elementor-column-gap-default\">\n\t\t\t\t\t<div class=\"elementor-column elementor-col-66 elementor-inner-column elementor-element elementor-element-37eb79fd\" data-id=\"37eb79fd\" data-element_type=\"column\" data-e-type=\"column\" data-settings=\"{&quot;background_background&quot;:&quot;classic&quot;}\">\n\t\t\t<div class=\"elementor-widget-wrap elementor-element-populated\">\n\t\t\t\t\t\t<div class=\"elementor-element elementor-element-a3dc8fd elementor-widget elementor-widget-text-editor\" data-id=\"a3dc8fd\" data-element_type=\"widget\" data-e-type=\"widget\" data-widget_type=\"text-editor.default\">\n\t\t\t\t<div class=\"elementor-widget-container\">\n\t\t\t\t\t\t\t\t\t<p><strong>Las divisiones 1 y 2 de la Secci\u00f3n VIII de ASME<\/strong> aplican metodolog\u00edas y criterios de dise\u00f1o distintos, lo que permite la selecci\u00f3n seg\u00fan la complejidad, el rendimiento y los requisitos del c\u00f3digo. Las principales diferencias incluyen:<\/p>\t\t\t\t\t\t\t\t<\/div>\n\t\t\t\t<\/div>\n\t\t\t\t<div class=\"elementor-element elementor-element-46530ea elementor-widget elementor-widget-image\" data-id=\"46530ea\" data-element_type=\"widget\" data-e-type=\"widget\" data-widget_type=\"image.default\">\n\t\t\t\t<div class=\"elementor-widget-container\">\n\t\t\t\t\t\t\t\t\t\t\t\t\t\t\t<img decoding=\"async\" width=\"640\" height=\"474\" src=\"https:\/\/www.abaxfem.com\/wp-content\/uploads\/2025\/06\/cuadro.jpg\" class=\"attachment-large size-large wp-image-45955\" alt=\"\" srcset=\"https:\/\/www.abaxfem.com\/wp-content\/uploads\/2025\/06\/cuadro.jpg 737w, https:\/\/www.abaxfem.com\/wp-content\/uploads\/2025\/06\/cuadro-300x222.jpg 300w, https:\/\/www.abaxfem.com\/wp-content\/uploads\/2025\/06\/cuadro-600x445.jpg 600w\" sizes=\"(max-width: 640px) 100vw, 640px\" \/>\t\t\t\t\t\t\t\t\t\t\t\t\t\t\t<\/div>\n\t\t\t\t<\/div>\n\t\t\t\t<div class=\"elementor-element elementor-element-03261a0 elementor-widget elementor-widget-spacer\" data-id=\"03261a0\" data-element_type=\"widget\" data-e-type=\"widget\" data-widget_type=\"spacer.default\">\n\t\t\t\t<div class=\"elementor-widget-container\">\n\t\t\t\t\t\t\t<div class=\"elementor-spacer\">\n\t\t\t<div class=\"elementor-spacer-inner\"><\/div>\n\t\t<\/div>\n\t\t\t\t\t\t<\/div>\n\t\t\t\t<\/div>\n\t\t\t\t\t<\/div>\n\t\t<\/div>\n\t\t\t\t<div class=\"elementor-column elementor-col-33 elementor-inner-column elementor-element elementor-element-1023f84 rs-contacta_info\" data-id=\"1023f84\" data-element_type=\"column\" data-e-type=\"column\" data-settings=\"{&quot;background_background&quot;:&quot;classic&quot;}\">\n\t\t\t<div class=\"elementor-widget-wrap elementor-element-populated\">\n\t\t\t\t\t\t<div class=\"elementor-element elementor-element-a09c7cd elementor-widget__width-initial elementor-widget elementor-widget-image\" data-id=\"a09c7cd\" data-element_type=\"widget\" data-e-type=\"widget\" data-widget_type=\"image.default\">\n\t\t\t\t<div class=\"elementor-widget-container\">\n\t\t\t\t\t\t\t\t\t\t\t\t\t\t\t<img loading=\"lazy\" decoding=\"async\" width=\"640\" height=\"652\" src=\"https:\/\/www.abaxfem.com\/wp-content\/uploads\/2025\/06\/Flange-result-1005x1024.jpg\" class=\"attachment-large size-large wp-image-45957\" alt=\"\" srcset=\"https:\/\/www.abaxfem.com\/wp-content\/uploads\/2025\/06\/Flange-result-1005x1024.jpg 1005w, https:\/\/www.abaxfem.com\/wp-content\/uploads\/2025\/06\/Flange-result-294x300.jpg 294w, https:\/\/www.abaxfem.com\/wp-content\/uploads\/2025\/06\/Flange-result-768x783.jpg 768w, https:\/\/www.abaxfem.com\/wp-content\/uploads\/2025\/06\/Flange-result-600x611.jpg 600w, https:\/\/www.abaxfem.com\/wp-content\/uploads\/2025\/06\/Flange-result.jpg 1152w\" sizes=\"(max-width: 640px) 100vw, 640px\" \/>\t\t\t\t\t\t\t\t\t\t\t\t\t\t\t<\/div>\n\t\t\t\t<\/div>\n\t\t\t\t<div class=\"elementor-element elementor-element-ffc4dca elementor-widget elementor-widget-image\" data-id=\"ffc4dca\" data-element_type=\"widget\" data-e-type=\"widget\" data-widget_type=\"image.default\">\n\t\t\t\t<div class=\"elementor-widget-container\">\n\t\t\t\t\t\t\t\t\t\t\t\t\t\t\t<img loading=\"lazy\" decoding=\"async\" width=\"640\" height=\"511\" src=\"https:\/\/www.abaxfem.com\/wp-content\/uploads\/2025\/06\/Flange-mesh-1024x817.jpg\" class=\"attachment-large size-large wp-image-45958\" alt=\"\" srcset=\"https:\/\/www.abaxfem.com\/wp-content\/uploads\/2025\/06\/Flange-mesh-1024x817.jpg 1024w, https:\/\/www.abaxfem.com\/wp-content\/uploads\/2025\/06\/Flange-mesh-300x239.jpg 300w, https:\/\/www.abaxfem.com\/wp-content\/uploads\/2025\/06\/Flange-mesh-768x612.jpg 768w, https:\/\/www.abaxfem.com\/wp-content\/uploads\/2025\/06\/Flange-mesh-1536x1225.jpg 1536w, https:\/\/www.abaxfem.com\/wp-content\/uploads\/2025\/06\/Flange-mesh-2048x1633.jpg 2048w, https:\/\/www.abaxfem.com\/wp-content\/uploads\/2025\/06\/Flange-mesh-340x270.jpg 340w, https:\/\/www.abaxfem.com\/wp-content\/uploads\/2025\/06\/Flange-mesh-600x478.jpg 600w\" sizes=\"(max-width: 640px) 100vw, 640px\" \/>\t\t\t\t\t\t\t\t\t\t\t\t\t\t\t<\/div>\n\t\t\t\t<\/div>\n\t\t\t\t\t<\/div>\n\t\t<\/div>\n\t\t\t\t\t<\/div>\n\t\t<\/section>\n\t\t\t\t\t<\/div>\n\t\t<\/div>\n\t\t\t\t\t<\/div>\n\t\t<\/section>\n\t\t\t\t<section class=\"elementor-section elementor-top-section elementor-element elementor-element-0930153 elementor-section-stretched elementor-section-boxed elementor-section-height-default elementor-section-height-default\" data-id=\"0930153\" data-element_type=\"section\" data-e-type=\"section\" data-settings=\"{&quot;stretch_section&quot;:&quot;section-stretched&quot;,&quot;background_background&quot;:&quot;classic&quot;}\">\n\t\t\t\t\t\t<div class=\"elementor-container elementor-column-gap-default\">\n\t\t\t\t\t<div class=\"elementor-column elementor-col-100 elementor-top-column elementor-element elementor-element-57aeb1c\" data-id=\"57aeb1c\" data-element_type=\"column\" data-e-type=\"column\" data-settings=\"{&quot;background_background&quot;:&quot;classic&quot;}\">\n\t\t\t<div class=\"elementor-widget-wrap elementor-element-populated\">\n\t\t\t\t\t\t<div class=\"elementor-element elementor-element-d12adb1 rselement-dual-button-layout-center elementor-widget elementor-widget-rs-dual-button\" data-id=\"d12adb1\" data-element_type=\"widget\" data-e-type=\"widget\" data-widget_type=\"rs-dual-button.default\">\n\t\t\t\t<div class=\"elementor-widget-container\">\n\t\t\t\t\t        <div class=\"rselement-dual-btn-wrapper\">\n            <a class=\"rselement-dual-btn rselement-dual-btn--left\" href=\"https:\/\/www.abaxfem.com\/index.php\/contactenos\/\">\n                                                    <span >CONT\u00c1CTANOS<\/span>\n                                            <\/a>\n                    <\/div>\n        <div class=\"rselement-dual-btn-wrapper\">\n            <a class=\"rselement-dual-btn rselement-dual-btn--right\" href=\"https:\/\/www.abaxfem.com\/index.php\/contactenos\/\">\n                                                    <span >para discutir soluciones personalizadas para tus proyectos!<\/span>\n                                            <\/a>\n        <\/div>\n        \t\t\t\t<\/div>\n\t\t\t\t<\/div>\n\t\t\t\t\t<\/div>\n\t\t<\/div>\n\t\t\t\t\t<\/div>\n\t\t<\/section>\n\t\t\t\t<\/div>\n\t\t","protected":false},"excerpt":{"rendered":"<p>Servicios \u00a0 I\u00a0 Servicios I Ingenier\u00eda de Procesos I Dise\u00f1o de recipientes a presi\u00f3n Dise\u00f1o de recipientes a presi\u00f3n Abaxfem realiza dise\u00f1os de recipientes a presi\u00f3n de acuerdo con el C\u00f3digo de Calderas y Recipientes a Presi\u00f3n ASME, Secci\u00f3n VIII, Divisi\u00f3n 2, utilizando herramientas avanzadas de An\u00e1lisis de Elementos Finitos (FEA), evaluamos la distribuci\u00f3n del&#8230;<\/p>\n","protected":false},"author":1,"featured_media":0,"parent":0,"menu_order":0,"comment_status":"closed","ping_status":"closed","template":"","meta":{"_monsterinsights_skip_tracking":false,"_monsterinsights_sitenote_active":false,"_monsterinsights_sitenote_note":"","_monsterinsights_sitenote_category":0,"footnotes":""},"class_list":["post-45942","page","type-page","status-publish","hentry"],"aioseo_notices":[],"_links":{"self":[{"href":"https:\/\/www.abaxfem.com\/index.php\/wp-json\/wp\/v2\/pages\/45942","targetHints":{"allow":["GET"]}}],"collection":[{"href":"https:\/\/www.abaxfem.com\/index.php\/wp-json\/wp\/v2\/pages"}],"about":[{"href":"https:\/\/www.abaxfem.com\/index.php\/wp-json\/wp\/v2\/types\/page"}],"author":[{"embeddable":true,"href":"https:\/\/www.abaxfem.com\/index.php\/wp-json\/wp\/v2\/users\/1"}],"replies":[{"embeddable":true,"href":"https:\/\/www.abaxfem.com\/index.php\/wp-json\/wp\/v2\/comments?post=45942"}],"version-history":[{"count":19,"href":"https:\/\/www.abaxfem.com\/index.php\/wp-json\/wp\/v2\/pages\/45942\/revisions"}],"predecessor-version":[{"id":45967,"href":"https:\/\/www.abaxfem.com\/index.php\/wp-json\/wp\/v2\/pages\/45942\/revisions\/45967"}],"wp:attachment":[{"href":"https:\/\/www.abaxfem.com\/index.php\/wp-json\/wp\/v2\/media?parent=45942"}],"curies":[{"name":"wp","href":"https:\/\/api.w.org\/{rel}","templated":true}]}}